{"id":568,"date":"2024-06-25T14:45:05","date_gmt":"2024-06-25T12:45:05","guid":{"rendered":"https:\/\/test8899.cooperlic.be\/?page_id=568"},"modified":"2024-06-26T09:33:42","modified_gmt":"2024-06-26T07:33:42","slug":"acp-hubert","status":"publish","type":"page","link":"https:\/\/www.cooperlic.be\/index.php\/acp-hubert\/","title":{"rendered":"ACP Hubert"},"content":{"rendered":"<h1>Nos r\u00e9alisations<\/h1>\n<h1>\n<p><b>ACP Saint Hubert (Li\u00e8ge centre) &#8211; SIARE<\/b><\/p>\n<\/h1>\n<div>\n<p>Cette copropri\u00e9t\u00e9 de 40 entit\u00e9s occupe un b\u00e2timent habit\u00e9 depuis 2013. La copropri\u00e9t\u00e9 avait trois demandes :<\/p>\n<ul>\n<li>Produire de l\u2019\u00e9nergie renouvelable avec des panneaux photovolta\u00efques.<\/li>\n<li>Comparer l\u2019autoconsommation de l\u2019\u00e9nergie pour les communs au partage d\u2019\u00e9nergie entre les habitants.<\/li>\n<li>Couvrir les besoins \u00e9lectriques des communs.<\/li>\n<\/ul>\n<p>C\u2019est l\u2019objectif premier et prioritaire. Dans ce projet, nous avons r\u00e9alis\u00e9 avec le syndic et le conseil de copropri\u00e9t\u00e9 de :<\/p>\n<ul>\n<li>Passer \u00e0 l\u2019\u00e9tape de la concr\u00e9tisation : Cela faisait longtemps qu\u2019ils en parlaient, CoopERLiC leur a permis de passer le cap en d\u00e9liant les n\u0153uds.<\/li>\n<li>Faire une comparaison objective et argument\u00e9e \u00e0 la fois technique et \u00e9conomique des diff\u00e9rents sc\u00e9narios.<\/li>\n<li>Aujourd\u2019hui, une installation de panneaux photovolta\u00efques permet \u00e0 la copropri\u00e9t\u00e9 de couvrir 66% des besoins d\u2019\u00e9lectricit\u00e9 des communs.<\/li>\n<\/ul>\n<\/div>\n<p><img decoding=\"async\" src=\"\/wp-content\/uploads\/2024\/06\/Saint-hubert-scaled.jpg\" alt=\"\"><br \/>\n<img decoding=\"async\" src=\"\/wp-content\/uploads\/2024\/06\/hubert.jpg\" alt=\"\"><\/p>\n<p><!--more--><br \/>\n<!-- {\"type\":\"layout\",\"children\":[{\"name\":\"R\\u00e9alisation\",\"type\":\"section\",\"props\":{\"image_position\":\"center-center\",\"padding\":\"large\",\"style\":\"secondary\",\"title_breakpoint\":\"xl\",\"title_position\":\"top-left\",\"title_rotation\":\"left\",\"vertical_align\":\"\",\"width\":\"xlarge\"},\"children\":[{\"type\":\"row\",\"children\":[{\"type\":\"column\",\"props\":{\"image_position\":\"center-center\",\"position_sticky_breakpoint\":\"m\"},\"children\":[{\"type\":\"headline\",\"props\":{\"content\":\"Nos r\\u00e9alisations\",\"text_align\":\"left\",\"title_color\":\"success\",\"title_decoration\":\"bullet\",\"title_element\":\"h1\"}}]}]},{\"type\":\"row\",\"children\":[{\"type\":\"column\",\"props\":{\"image_position\":\"center-center\",\"position_sticky_breakpoint\":\"m\",\"width_medium\":\"1-2\"},\"children\":[{\"type\":\"headline\",\"props\":{\"content\":\"\n\n<p><b>ACP Saint Hubert (Li\\u00e8ge centre) - SIARE<\\\/b><\\\/p>\",\"text_align\":\"left\",\"title_element\":\"h1\",\"title_font_family\":\"secondary\",\"title_style\":\"h3\"}},{\"type\":\"text\",\"props\":{\"block_align\":\"center\",\"column_breakpoint\":\"m\",\"content\":\"\n\n<p>Cette copropri\\u00e9t\\u00e9 de 40 entit\\u00e9s occupe un b\\u00e2timent habit\\u00e9 depuis 2013. La copropri\\u00e9t\\u00e9 avait trois demandes :<\\\/p>\\n\n\n<ul>\\n\n\n<li>Produire de l\\u2019\\u00e9nergie renouvelable avec des panneaux photovolta\\u00efques.<\\\/li>\\n\n\n<li>Comparer l\\u2019autoconsommation de l\\u2019\\u00e9nergie pour les communs au partage d\\u2019\\u00e9nergie entre les habitants.<\\\/li>\\n\n\n<li>Couvrir les besoins \\u00e9lectriques des communs.<\\\/li>\\n<\\\/ul>\\n\n\n<p>C\\u2019est l\\u2019objectif premier et prioritaire. Dans ce projet, nous avons r\\u00e9alis\\u00e9 avec le syndic et le conseil de copropri\\u00e9t\\u00e9 de :<\\\/p>\\n\n\n<ul>\\n\n\n<li>Passer \\u00e0 l\\u2019\\u00e9tape de la concr\\u00e9tisation : Cela faisait longtemps qu\\u2019ils en parlaient, CoopERLiC leur a permis de passer le cap en d\\u00e9liant les n\\u0153uds.<\\\/li>\\n\n\n<li>Faire une comparaison objective et argument\\u00e9e \\u00e0 la fois technique et \\u00e9conomique des diff\\u00e9rents sc\\u00e9narios.<\\\/li>\\n\n\n<li>Aujourd\\u2019hui, une installation de panneaux photovolta\\u00efques permet \\u00e0 la copropri\\u00e9t\\u00e9 de couvrir 66% des besoins d\\u2019\\u00e9lectricit\\u00e9 des communs.<\\\/li>\\n<\\\/ul>\",\"margin\":\"default\",\"maxwidth\":\"xlarge\",\"text_align\":\"left\"}}]},{\"type\":\"column\",\"props\":{\"image_position\":\"center-center\",\"position_sticky_breakpoint\":\"m\",\"width_medium\":\"1-2\"},\"children\":[{\"type\":\"image\",\"props\":{\"image\":\"wp-content\\\/uploads\\\/2024\\\/06\\\/Saint-hubert-scaled.jpg\",\"image_svg_color\":\"emphasis\",\"margin\":\"default\"}}]}],\"props\":{\"layout\":\"1-2,1-2\"}},{\"type\":\"row\",\"children\":[{\"type\":\"column\",\"props\":{\"image_position\":\"center-center\",\"position_sticky_breakpoint\":\"m\"},\"children\":[{\"type\":\"image\",\"props\":{\"image\":\"wp-content\\\/uploads\\\/2024\\\/06\\\/hubert.jpg\",\"image_svg_color\":\"emphasis\",\"margin\":\"default\",\"text_align\":\"center\"}}]}]}]}],\"version\":\"4.4.4\"} --><\/p>\n","protected":false},"excerpt":{"rendered":"<p>Nos r\u00e9alisations ACP Saint Hubert (Li\u00e8ge centre) &#8211; SIARE Cette copropri\u00e9t\u00e9 de 40 entit\u00e9s occupe un b\u00e2timent habit\u00e9 depuis 2013. La copropri\u00e9t\u00e9 avait trois demandes : Produire de l\u2019\u00e9nergie renouvelable avec des panneaux photovolta\u00efques. Comparer l\u2019autoconsommation de l\u2019\u00e9nergie pour les communs au partage d\u2019\u00e9nergie entre les habitants. Couvrir les besoins \u00e9lectriques des communs. C\u2019est l\u2019objectif [&hellip;]<\/p>\n","protected":false},"author":4,"featured_media":0,"parent":0,"menu_order":0,"comment_status":"closed","ping_status":"closed","template":"","meta":{"footnotes":""},"class_list":["post-568","page","type-page","status-publish","hentry"],"_links":{"self":[{"href":"https:\/\/www.cooperlic.be\/index.php\/wp-json\/wp\/v2\/pages\/568","targetHints":{"allow":["GET"]}}],"collection":[{"href":"https:\/\/www.cooperlic.be\/index.php\/wp-json\/wp\/v2\/pages"}],"about":[{"href":"https:\/\/www.cooperlic.be\/index.php\/wp-json\/wp\/v2\/types\/page"}],"author":[{"embeddable":true,"href":"https:\/\/www.cooperlic.be\/index.php\/wp-json\/wp\/v2\/users\/4"}],"replies":[{"embeddable":true,"href":"https:\/\/www.cooperlic.be\/index.php\/wp-json\/wp\/v2\/comments?post=568"}],"version-history":[{"count":4,"href":"https:\/\/www.cooperlic.be\/index.php\/wp-json\/wp\/v2\/pages\/568\/revisions"}],"predecessor-version":[{"id":637,"href":"https:\/\/www.cooperlic.be\/index.php\/wp-json\/wp\/v2\/pages\/568\/revisions\/637"}],"wp:attachment":[{"href":"https:\/\/www.cooperlic.be\/index.php\/wp-json\/wp\/v2\/media?parent=568"}],"curies":[{"name":"wp","href":"https:\/\/api.w.org\/{rel}","templated":true}]}}