{"id":60,"date":"2023-08-25T12:56:32","date_gmt":"2023-08-25T10:56:32","guid":{"rendered":"http:\/\/test8899.cooperlic.be\/?page_id=60"},"modified":"2026-03-06T09:16:05","modified_gmt":"2026-03-06T08:16:05","slug":"devenez-cooperateur","status":"publish","type":"page","link":"https:\/\/www.cooperlic.be\/index.php\/cooperative\/devenez-cooperateur\/","title":{"rendered":"Devenez coop\u00e9rateur"},"content":{"rendered":"<h1>Devenir coop\u00e9rateur.trice ?<br \/>Rien de plus simple !<\/h1>\n<div>\n<p>En cliquant sur le bouton ci-contre, vous allez utiliser notre plateforme de gestion des coop\u00e9rateurs <strong>CoopHub<\/strong>.<\/p>\n<p><span>Gr\u00e2ce \u00e0 elle, vous serez guid\u00e9 vers le paiement de votre prise de parts.<\/span><\/p>\n<p><span data-teams=\"true\">Devenir coop\u00e9rateur, c&rsquo;est investir dans CoopERLiC et cela donne au coop\u00e9rateur une voix \u00e0 l\u2019assembl\u00e9e g\u00e9n\u00e9rale, ind\u00e9pendamment du nombre de parts d\u00e9tenues. Chaque part co\u00fbte<strong> 100 \u20ac<\/strong>, avec un maximum de 50 parts par personne, soit 5 000 \u20ac par lev\u00e9e de fonds<strong>.<\/strong> Ces parts permettent de soutenir la mission de transition \u00e9nerg\u00e9tique et d\u2019en partager les b\u00e9n\u00e9fices.<\/span><\/p>\n<p><em>Pour b\u00e9n\u00e9ficier de la fourniture d\u2019\u00e9lectricit\u00e9 via COCITER, vous devez prendre minimum 3 parts chez CoopERLiC <\/em><\/p>\n<\/div>\n<div><span class=\"uk-link-reset\">Acc\u00e8s \u00e0 la plateforme<\/span><\/div>\n<p>\n    <a href=\"https:\/\/coophub.cooperlic.be\/register\/be-fr\/CPRL\">Inscription<\/a>\n<\/p>\n<div>\n<p><span>AVERTISSEMENT : L\u2019offre de prise de parts de la coop\u00e9rative CoopERLiC concerne un investissement en actions de la soci\u00e9t\u00e9. Elle se d\u00e9roule <strong>du 1er mai 2025 au 30 juin 2026<\/strong>\u00a0pour un montant total de 500.000\u20ac et est <strong>limit\u00e9e \u00e0 5.000\u20ac par personne<\/strong>. Investir dans des actions comporte des risques de perdre une partie ou la totalit\u00e9 de son investissement ou de ne pas obtenir le rendement financier attendu ou encore de ne pas pouvoir \u00e9changer ou revendre librement ses parts qui ne sont pas cot\u00e9es. <br \/><\/span><\/p>\n<\/div>\n<p>\n    <a href=\"https:\/\/cloud.rescoop-wallonie.be\/s\/ZCZxHz8HxZfCRK9\">Lire la Fiche Information Action concernant la lev\u00e9e de fond<\/a>\n<\/p>\n<h1>\n<p><span>Quelques explications sur les donn\u00e9es requises<\/span><\/p>\n<\/h1>\n<div>\n<p>        <img decoding=\"async\" src=\"\/wp-content\/uploads\/2023\/08\/photo7.jpg\" alt=\"\"><\/p>\n<div>\n<ul>\n<li><span>Chaque coop\u00e9rateur doit disposer de son propre num\u00e9ro de compte en banque, y compris les mineurs d\u2019\u00e2ge, sur lequel nous pourrons verser les dividendes.<\/span><\/li>\n<li><span>Le num\u00e9ro du registre national est unique \u00e0 chaque personne et se trouve sur la carte d\u2019identit\u00e9.<\/span><\/li>\n<li><span>En vous inscrivant via la plateforme CoopHub, vous devez indiquer un nom d\u2019utilisateur et un mot de passe. Si vous ne d\u00e9sirez pas utiliser cette plateforme, vous pouvez toujours nous contacter directement pour toute question ou changement de donn\u00e9es : info@cooperlic.be ou 0476 89 21 78.<\/span><\/li>\n<li><span>L\u2019adresse \u00e9lectronique d\u2019un mineur peut \u00eatre la m\u00eame que celle du tuteur. Ainsi la correspondance mail se fera via le tuteur.<\/span><\/li>\n<\/ul>\n<\/div>\n<p><a href=\"#\"><\/a><\/p>\n<\/div>\n<div>\n<p>        <img decoding=\"async\" src=\"\/wp-content\/uploads\/2023\/08\/photo21.jpg\" alt=\"\"><\/p>\n<h3>En rejoignant CoopERLiC, vous participez \u00e0 la dynamique de la Transition \u00e9nerg\u00e9tique vers un monde respectueux de l\u2019humain et de la nature.<\/h3>\n<div>\n<p>Votre investissement permettra de :<\/p>\n<ul>\n<li>Produire de l\u2019\u00e9lectricit\u00e9 renouvelable en direct ou par des prises de participation dans des projets tiers<\/li>\n<li>Cr\u00e9er des Communaut\u00e9s d\u2019\u00c9nergie<\/li>\n<li>Contribuer \u00e0 une diminution de la consommation d\u2019\u00e9nergie<\/li>\n<\/ul>\n<\/div>\n<p><a href=\"#\"><\/a><\/p>\n<\/div>\n<div>\n<p>        <img decoding=\"async\" src=\"\/wp-content\/uploads\/2023\/08\/photo22.jpg\" alt=\"\"><\/p>\n<h3>Une plus-value soci\u00e9tale, mais \u00e9galement financi\u00e8re :<\/h3>\n<div>\n<p>CoopERLiC vise \u00e0 distribuer, \u00e0 terme, une partie de ses b\u00e9n\u00e9fices aupr\u00e8s de ses actionnaires coop\u00e9rateurs (compenser l\u2019inflation et offrir un rendement sup\u00e9rieur \u00e0 l\u2019\u00e9pargne).\u00a0<\/p>\n<\/div>\n<p><a href=\"#\"><\/a><\/p>\n<\/div>\n<p><!--more--><br \/>\n<!-- {\"type\":\"layout\",\"children\":[{\"type\":\"section\",\"props\":{\"height\":\"viewport\",\"height_offset_top\":true,\"height_viewport\":80,\"image\":\"wp-content\\\/uploads\\\/2023\\\/08\\\/photo4-scaled.jpg\",\"image_loading\":true,\"image_position\":\"center-center\",\"image_size\":\"cover\",\"image_width\":\"2560\",\"padding\":\"large\",\"style\":\"secondary\",\"text_color\":\"light\",\"title_breakpoint\":\"xl\",\"title_position\":\"top-left\",\"title_rotation\":\"left\",\"vertical_align\":\"bottom\",\"width\":\"large\"},\"children\":[{\"type\":\"row\",\"children\":[{\"type\":\"column\",\"props\":{\"image_position\":\"center-center\",\"position_sticky_breakpoint\":\"m\"},\"children\":[{\"type\":\"headline\",\"props\":{\"content\":\"Devenir coop\\u00e9rateur.trice ?<br \\\/>Rien de plus simple !\",\"margin\":\"small\",\"maxwidth\":\"2xlarge\",\"maxwidth_breakpoint\":\"m\",\"title_color\":\"warning\",\"title_element\":\"h1\",\"title_font_family\":\"secondary\",\"title_style\":\"h1\"}}]}]}],\"name\":\"Top\"},{\"type\":\"section\",\"props\":{\"image_position\":\"center-center\",\"padding_remove_bottom\":false,\"style\":\"default\",\"title_breakpoint\":\"xl\",\"title_position\":\"top-left\",\"title_rotation\":\"left\",\"vertical_align\":\"\",\"width\":\"large\"},\"children\":[{\"type\":\"row\",\"props\":{\"margin_remove_bottom\":true},\"children\":[{\"type\":\"column\",\"props\":{\"image_position\":\"center-center\",\"position_sticky_breakpoint\":\"m\"},\"children\":[{\"type\":\"divider\",\"props\":{\"divider_element\":\"div\",\"divider_style\":\"small\"}}]}]},{\"type\":\"row\",\"props\":{\"column_gap\":\"large\",\"layout\":\"2-3,1-3\",\"margin\":\"medium\",\"row_gap\":\"large\"},\"children\":[{\"type\":\"column\",\"props\":{\"image_position\":\"center-center\",\"position_sticky_breakpoint\":\"m\",\"width_medium\":\"2-3\"},\"children\":[{\"type\":\"text\",\"props\":{\"column_breakpoint\":\"m\",\"content\":\"\n\n<p>En cliquant sur le bouton ci-contre, vous allez utiliser notre plateforme de gestion des coop\\u00e9rateurs <strong>CoopHub<\\\/strong>.<\\\/p>\\n\n\n<p><span>Gr\\u00e2ce \\u00e0 elle, vous serez guid\\u00e9 vers le paiement de votre prise de parts.<\\\/span><\\\/p>\\n\n\n<p><span data-teams=\\\"true\\\">Devenir coop\\u00e9rateur, c'est investir dans CoopERLiC et cela donne au coop\\u00e9rateur une voix \\u00e0 l\\u2019assembl\\u00e9e g\\u00e9n\\u00e9rale, ind\\u00e9pendamment du nombre de parts d\\u00e9tenues. Chaque part co\\u00fbte<strong> 100 \\u20ac<\\\/strong>, avec un maximum de 50 parts par personne, soit 5 000 \\u20ac par lev\\u00e9e de fonds<strong>.<\\\/strong> Ces parts permettent de soutenir la mission de transition \\u00e9nerg\\u00e9tique et d\\u2019en partager les b\\u00e9n\\u00e9fices.<\\\/span><\\\/p>\\n\n\n<p><em>Pour b\\u00e9n\\u00e9ficier de la fourniture d\\u2019\\u00e9lectricit\\u00e9 via COCITER, vous devez prendre minimum 3 parts chez CoopERLiC <\\\/em><\\\/p>\",\"margin\":\"medium\"}}]},{\"type\":\"column\",\"props\":{\"image_position\":\"center-center\",\"position_sticky_breakpoint\":\"m\",\"width_medium\":\"1-3\"},\"children\":[{\"type\":\"headline\",\"props\":{\"content\":\"<span class=\\\"uk-link-reset\\\">Acc\\u00e8s \\u00e0 la plateforme<\\\/span>\",\"margin\":\"remove-vertical\",\"title_element\":\"div\",\"title_style\":\"h4\"}},{\"type\":\"button\",\"props\":{\"grid_column_gap\":\"small\",\"grid_row_gap\":\"small\",\"margin\":\"default\"},\"children\":[{\"type\":\"button_item\",\"props\":{\"button_style\":\"danger\",\"content\":\"Inscription\",\"icon\":\"file-edit\",\"icon_align\":\"left\",\"link\":\"https:\\\/\\\/coophub.cooperlic.be\\\/register\\\/be-fr\\\/CPRL\",\"link_target\":\"blank\"}}]}]}]},{\"type\":\"row\",\"props\":{\"margin_remove_bottom\":true},\"children\":[{\"type\":\"column\",\"props\":{\"image_position\":\"center-center\",\"position_sticky_breakpoint\":\"m\"},\"children\":[{\"type\":\"divider\",\"props\":{\"divider_element\":\"div\"}}]}]},{\"type\":\"row\",\"children\":[{\"type\":\"column\",\"props\":{\"image_position\":\"center-center\",\"position_sticky_breakpoint\":\"m\"},\"children\":[{\"type\":\"text\",\"props\":{\"column_breakpoint\":\"m\",\"content\":\"\n\n<p><span>AVERTISSEMENT : L\\u2019offre de prise de parts de la coop\\u00e9rative CoopERLiC concerne un investissement en actions de la soci\\u00e9t\\u00e9. Elle se d\\u00e9roule <strong>du 1er mai 2025 au 30 juin 2026<\\\/strong>\\u00a0pour un montant total de 500.000\\u20ac et est <strong>limit\\u00e9e \\u00e0 5.000\\u20ac par personne<\\\/strong>. Investir dans des actions comporte des risques de perdre une partie ou la totalit\\u00e9 de son investissement ou de ne pas obtenir le rendement financier attendu ou encore de ne pas pouvoir \\u00e9changer ou revendre librement ses parts qui ne sont pas cot\\u00e9es. <br \\\/><\\\/span><\\\/p>\",\"margin\":\"default\",\"text_style\":\"meta\"}}]}]},{\"type\":\"row\",\"children\":[{\"type\":\"column\",\"props\":{\"image_position\":\"center-center\",\"position_sticky_breakpoint\":\"m\"},\"children\":[{\"type\":\"button\",\"props\":{\"grid_column_gap\":\"small\",\"grid_row_gap\":\"small\",\"margin\":\"default\"},\"children\":[{\"type\":\"button_item\",\"props\":{\"button_style\":\"default\",\"content\":\"Lire la Fiche Information Action concernant la lev\\u00e9e de fond\",\"icon_align\":\"left\",\"link\":\"https:\\\/\\\/cloud.rescoop-wallonie.be\\\/s\\\/ZCZxHz8HxZfCRK9\"}}]}]}]}],\"name\":\"Post\"},{\"name\":\"Donn\\u00e9es\",\"type\":\"section\",\"props\":{\"header_transparent\":true,\"header_transparent_text_color\":\"dark\",\"height_viewport\":false,\"image_position\":\"center-center\",\"image_size\":\"cover\",\"padding\":\"large\",\"preserve_color\":false,\"style\":\"secondary\",\"title_breakpoint\":\"xl\",\"title_position\":\"top-left\",\"title_rotation\":\"left\",\"vertical_align\":\"\",\"width\":\"default\"},\"children\":[{\"type\":\"row\",\"children\":[{\"type\":\"column\",\"props\":{\"image_position\":\"center-center\",\"position_sticky_breakpoint\":\"m\",\"width_medium\":\"1-1\"},\"children\":[{\"type\":\"headline\",\"props\":{\"content\":\"\n\n<p><span>Quelques explications sur les donn\\u00e9es requises<\\\/span><\\\/p>\",\"margin\":\"small\",\"text_align\":\"center\",\"title_element\":\"h1\",\"title_font_family\":\"secondary\"}}]}]}]},{\"name\":\"Projects\",\"type\":\"section\",\"props\":{\"header_transparent\":true,\"header_transparent_text_color\":\"dark\",\"height_viewport\":false,\"image\":\"wp-content\\\/uploads\\\/products-bg.svg\",\"image_effect\":\"parallax\",\"image_parallax_bgy\":\"-300,300\",\"image_parallax_breakpoint\":\"m\",\"image_parallax_easing\":\"1\",\"image_position\":\"center-center\",\"image_size\":\"contain\",\"media_visibility\":\"m\",\"padding\":\"none\",\"padding_remove_top\":false,\"preserve_color\":true,\"style\":\"secondary\",\"title_breakpoint\":\"xl\",\"title_position\":\"top-left\",\"title_rotation\":\"left\",\"vertical_align\":\"\",\"width\":\"expand\"},\"children\":[{\"type\":\"row\",\"props\":{\"layout\":\"2-3,1-3\"},\"children\":[{\"type\":\"column\",\"props\":{\"image_position\":\"center-center\",\"position_sticky_breakpoint\":\"m\",\"width_medium\":\"2-3\"},\"children\":[{\"type\":\"panel\",\"props\":{\"animation\":\"parallax\",\"content\":\"\n\n<ul>\\n\n\n<li><span>Chaque coop\\u00e9rateur doit disposer de son propre num\\u00e9ro de compte en banque, y compris les mineurs d\\u2019\\u00e2ge, sur lequel nous pourrons verser les dividendes.<\\\/span><\\\/li>\\n\n\n<li><span>Le num\\u00e9ro du registre national est unique \\u00e0 chaque personne et se trouve sur la carte d\\u2019identit\\u00e9.<\\\/span><\\\/li>\\n\n\n<li><span>En vous inscrivant via la plateforme CoopHub, vous devez indiquer un nom d\\u2019utilisateur et un mot de passe. Si vous ne d\\u00e9sirez pas utiliser cette plateforme, vous pouvez toujours nous contacter directement pour toute question ou changement de donn\\u00e9es : info@cooperlic.be ou 0476 89 21 78.<\\\/span><\\\/li>\\n\n\n<li><span>L\\u2019adresse \\u00e9lectronique d\\u2019un mineur peut \\u00eatre la m\\u00eame que celle du tuteur. Ainsi la correspondance mail se fera via le tuteur.<\\\/span><\\\/li>\\n<\\\/ul>\",\"content_column_breakpoint\":\"m\",\"icon_width\":80,\"image\":\"wp-content\\\/uploads\\\/2023\\\/08\\\/photo7.jpg\",\"image_align\":\"left\",\"image_grid_breakpoint\":\"s\",\"image_grid_width\":\"1-2\",\"image_loading\":true,\"image_svg_color\":\"emphasis\",\"image_vertical_align\":true,\"image_width\":\"760\",\"link\":\"#\",\"link_style\":\"default\",\"link_text\":\"\",\"margin\":\"default\",\"meta\":\"\",\"meta_align\":\"below-title\",\"meta_color\":\"muted\",\"meta_element\":\"div\",\"meta_margin\":\"remove\",\"meta_style\":\"\",\"panel_link\":true,\"panel_padding\":\"default\",\"panel_style\":\"card-default\",\"parallax_breakpoint\":\"m\",\"parallax_easing\":\"1\",\"parallax_x\":\"200,250\",\"title\":\"\",\"title_align\":\"top\",\"title_element\":\"h3\",\"title_grid_breakpoint\":\"m\",\"title_grid_width\":\"1-2\",\"title_hover_style\":\"reset\",\"title_style\":\"h4\"}}]},{\"type\":\"column\",\"props\":{\"image_position\":\"center-center\",\"position_sticky_breakpoint\":\"m\",\"width_medium\":\"1-3\"}}]},{\"type\":\"row\",\"props\":{\"layout\":\"1-3,2-3\"},\"children\":[{\"type\":\"column\",\"props\":{\"image_position\":\"center-center\",\"position_sticky_breakpoint\":\"m\",\"width_medium\":\"1-3\"}},{\"type\":\"column\",\"props\":{\"image_position\":\"center-center\",\"position_sticky_breakpoint\":\"m\",\"width_medium\":\"2-3\"},\"children\":[{\"type\":\"panel\",\"props\":{\"animation\":\"parallax\",\"content\":\"\n\n<p>Votre investissement permettra de :<\\\/p>\\n\n\n<ul>\\n\n\n<li>Produire de l\\u2019\\u00e9lectricit\\u00e9 renouvelable en direct ou par des prises de participation dans des projets tiers<\\\/li>\\n\n\n<li>Cr\\u00e9er des Communaut\\u00e9s d\\u2019\\u00c9nergie<\\\/li>\\n\n\n<li>Contribuer \\u00e0 une diminution de la consommation d\\u2019\\u00e9nergie<\\\/li>\\n<\\\/ul>\",\"content_column_breakpoint\":\"m\",\"icon_width\":80,\"image\":\"wp-content\\\/uploads\\\/2023\\\/08\\\/photo21.jpg\",\"image_align\":\"right\",\"image_grid_breakpoint\":\"s\",\"image_grid_width\":\"1-2\",\"image_svg_color\":\"emphasis\",\"image_vertical_align\":true,\"image_width\":\"760\",\"link\":\"#\",\"link_style\":\"default\",\"link_text\":\"\",\"margin\":\"default\",\"meta\":\"\",\"meta_align\":\"below-title\",\"meta_color\":\"muted\",\"meta_element\":\"div\",\"meta_margin\":\"remove\",\"meta_style\":\"\",\"panel_image_no_padding\":false,\"panel_link\":true,\"panel_padding\":\"default\",\"panel_style\":\"card-default\",\"parallax_breakpoint\":\"m\",\"parallax_easing\":\"1\",\"parallax_x\":\"30,-20\",\"title\":\"En rejoignant CoopERLiC, vous participez \\u00e0 la dynamique de la Transition \\u00e9nerg\\u00e9tique vers un monde respectueux de l\\u2019humain et de la nature.\",\"title_align\":\"top\",\"title_element\":\"h3\",\"title_font_family\":\"secondary\",\"title_grid_breakpoint\":\"m\",\"title_grid_width\":\"1-2\",\"title_hover_style\":\"reset\",\"title_style\":\"h4\"}}]}]},{\"type\":\"row\",\"props\":{\"layout\":\"2-3,1-3\"},\"children\":[{\"type\":\"column\",\"props\":{\"image_position\":\"center-center\",\"position_sticky_breakpoint\":\"m\",\"width_medium\":\"2-3\"},\"children\":[{\"type\":\"panel\",\"props\":{\"animation\":\"parallax\",\"content\":\"\n\n<p>CoopERLiC vise \\u00e0 distribuer, \\u00e0 terme, une partie de ses b\\u00e9n\\u00e9fices aupr\\u00e8s de ses actionnaires coop\\u00e9rateurs (compenser l\\u2019inflation et offrir un rendement sup\\u00e9rieur \\u00e0 l\\u2019\\u00e9pargne).\\u00a0<\\\/p>\",\"content_column_breakpoint\":\"m\",\"icon_width\":80,\"image\":\"wp-content\\\/uploads\\\/2023\\\/08\\\/photo22.jpg\",\"image_align\":\"left\",\"image_grid_breakpoint\":\"s\",\"image_grid_width\":\"1-2\",\"image_svg_color\":\"emphasis\",\"image_vertical_align\":true,\"image_width\":\"760\",\"link\":\"#\",\"link_style\":\"default\",\"link_text\":\"\",\"margin\":\"default\",\"meta\":\"\",\"meta_align\":\"below-title\",\"meta_color\":\"muted\",\"meta_element\":\"div\",\"meta_margin\":\"remove\",\"meta_style\":\"\",\"panel_link\":true,\"panel_padding\":\"default\",\"panel_style\":\"card-default\",\"parallax_breakpoint\":\"m\",\"parallax_easing\":\"1\",\"parallax_x\":\"350,400\",\"title\":\"Une plus-value soci\\u00e9tale, mais \\u00e9galement financi\\u00e8re :\",\"title_align\":\"top\",\"title_element\":\"h3\",\"title_font_family\":\"secondary\",\"title_grid_breakpoint\":\"m\",\"title_grid_width\":\"1-2\",\"title_hover_style\":\"reset\",\"title_style\":\"h4\"}}]},{\"type\":\"column\",\"props\":{\"image_position\":\"center-center\",\"position_sticky_breakpoint\":\"m\",\"width_medium\":\"1-3\"}}]}]}],\"version\":\"4.4.6\"} --><\/p>\n","protected":false},"excerpt":{"rendered":"<p>Devenir coop\u00e9rateur.trice ?Rien de plus simple ! En cliquant sur le bouton ci-contre, vous allez utiliser notre plateforme de gestion des coop\u00e9rateurs CoopHub. Gr\u00e2ce \u00e0 elle, vous serez guid\u00e9 vers le paiement de votre prise de parts. Devenir coop\u00e9rateur, c&rsquo;est investir dans CoopERLiC et cela donne au coop\u00e9rateur une voix \u00e0 l\u2019assembl\u00e9e g\u00e9n\u00e9rale, ind\u00e9pendamment du [&hellip;]<\/p>\n","protected":false},"author":4,"featured_media":0,"parent":54,"menu_order":3,"comment_status":"closed","ping_status":"closed","template":"","meta":{"footnotes":""},"class_list":["post-60","page","type-page","status-publish","hentry"],"_links":{"self":[{"href":"https:\/\/www.cooperlic.be\/index.php\/wp-json\/wp\/v2\/pages\/60","targetHints":{"allow":["GET"]}}],"collection":[{"href":"https:\/\/www.cooperlic.be\/index.php\/wp-json\/wp\/v2\/pages"}],"about":[{"href":"https:\/\/www.cooperlic.be\/index.php\/wp-json\/wp\/v2\/types\/page"}],"author":[{"embeddable":true,"href":"https:\/\/www.cooperlic.be\/index.php\/wp-json\/wp\/v2\/users\/4"}],"replies":[{"embeddable":true,"href":"https:\/\/www.cooperlic.be\/index.php\/wp-json\/wp\/v2\/comments?post=60"}],"version-history":[{"count":25,"href":"https:\/\/www.cooperlic.be\/index.php\/wp-json\/wp\/v2\/pages\/60\/revisions"}],"predecessor-version":[{"id":1128,"href":"https:\/\/www.cooperlic.be\/index.php\/wp-json\/wp\/v2\/pages\/60\/revisions\/1128"}],"up":[{"embeddable":true,"href":"https:\/\/www.cooperlic.be\/index.php\/wp-json\/wp\/v2\/pages\/54"}],"wp:attachment":[{"href":"https:\/\/www.cooperlic.be\/index.php\/wp-json\/wp\/v2\/media?parent=60"}],"curies":[{"name":"wp","href":"https:\/\/api.w.org\/{rel}","templated":true}]}}