{"id":87,"date":"2023-08-25T13:02:28","date_gmt":"2023-08-25T11:02:28","guid":{"rendered":"http:\/\/test8899.cooperlic.be\/?page_id=87"},"modified":"2024-06-25T14:11:45","modified_gmt":"2024-06-25T12:11:45","slug":"pouvoir-public","status":"publish","type":"page","link":"https:\/\/www.cooperlic.be\/index.php\/pour-qui\/pouvoir-public\/","title":{"rendered":"Pouvoir public"},"content":{"rendered":"<h1>\n<p><span style=\"color: #ffc000;\">Pouvoir public<\/span><\/p>\n<\/h1>\n<div>\n<p><strong>Vous cherchez un partenaire afin de faciliter la participation citoyenne dans vos projets de production d&rsquo;\u00e9nergie ?<\/strong><\/p>\n<p>Une entreprise priv\u00e9e veut promouvoir un projet de production d&rsquo;\u00e9nergie et vous d\u00e9sirez que cette production puisse au moins en partie \u00eatre aux mains de vos concitoyens.<\/p>\n<p>Vous poss\u00e9dez des terrains, vous r\u00e9fl\u00e9chissez \u00e0 y installer un moyen de production d&rsquo;\u00e9nergie, vous cherchez un partenaire qui vous permettra de mobiliser l&rsquo;\u00e9pargne citoyenne.<\/p>\n<\/div>\n<p>\n    <a href=\"\/index.php\/page\/\">Contactez-nous<\/a>\n<\/p>\n<p><!--more--><br \/>\n<!-- {\"type\":\"layout\",\"children\":[{\"type\":\"section\",\"props\":{\"css\":\"@media (min-width: 960px) {\\n    .el-section > div  {\\n        padding-top: 350px;\\n        padding-bottom: 350px;\\n    }\\n}\",\"image\":\"wp-content\\\/uploads\\\/2024\\\/06\\\/pouvoirpublic.jpg\",\"image_loading\":true,\"image_position\":\"center-center\",\"image_size\":\"cover\",\"image_width\":\"1840\",\"padding\":\"xlarge\",\"style\":\"default\",\"title_breakpoint\":\"xl\",\"title_position\":\"top-left\",\"title_rotation\":\"left\",\"vertical_align\":\"\",\"width\":\"default\"},\"children\":[{\"type\":\"row\",\"children\":[{\"type\":\"column\",\"props\":{\"image_position\":\"center-center\",\"position_sticky_breakpoint\":\"m\",\"width_medium\":\"1-1\"},\"children\":[{\"type\":\"headline\",\"props\":{\"content\":\"\n\n<p><span style=\\\"color: #ffc000;\\\">Pouvoir public<\\\/span><\\\/p>\",\"text_align\":\"center\",\"title_element\":\"h1\",\"title_font_family\":\"secondary\",\"title_style\":\"heading-xlarge\"}}]}]}],\"name\":\"Image Top\"},{\"name\":\"Citoyen\",\"type\":\"section\",\"props\":{\"image_position\":\"center-center\",\"padding\":\"large\",\"style\":\"default\",\"title_breakpoint\":\"xl\",\"title_position\":\"top-left\",\"title_rotation\":\"left\",\"vertical_align\":\"\",\"width\":\"xlarge\"},\"children\":[{\"type\":\"row\",\"children\":[{\"type\":\"column\",\"props\":{\"image_position\":\"center-center\",\"position_sticky_breakpoint\":\"m\",\"width_medium\":\"1-1\"},\"children\":[{\"type\":\"text\",\"props\":{\"block_align\":\"center\",\"column_breakpoint\":\"m\",\"content\":\"\n\n<p><strong>Vous cherchez un partenaire afin de faciliter la participation citoyenne dans vos projets de production d'\\u00e9nergie ?<\\\/strong><\\\/p>\\n\n\n<p>Une entreprise priv\\u00e9e veut promouvoir un projet de production d'\\u00e9nergie et vous d\\u00e9sirez que cette production puisse au moins en partie \\u00eatre aux mains de vos concitoyens.<\\\/p>\\n\n\n<p>Vous poss\\u00e9dez des terrains, vous r\\u00e9fl\\u00e9chissez \\u00e0 y installer un moyen de production d'\\u00e9nergie, vous cherchez un partenaire qui vous permettra de mobiliser l'\\u00e9pargne citoyenne.<\\\/p>\",\"margin\":\"default\",\"maxwidth\":\"xlarge\",\"text_align\":\"center\"}},{\"type\":\"button\",\"props\":{\"grid_column_gap\":\"small\",\"grid_row_gap\":\"small\",\"margin\":\"default\",\"text_align\":\"center\"},\"children\":[{\"type\":\"button_item\",\"props\":{\"button_style\":\"primary\",\"content\":\"Contactez-nous\",\"icon_align\":\"left\",\"link\":\"index.php\\\/page\\\/\"}}]}]}]}]}],\"version\":\"4.4.4\"} --><\/p>\n","protected":false},"excerpt":{"rendered":"<p>Pouvoir public Vous cherchez un partenaire afin de faciliter la participation citoyenne dans vos projets de production d&rsquo;\u00e9nergie ? Une entreprise priv\u00e9e veut promouvoir un projet de production d&rsquo;\u00e9nergie et vous d\u00e9sirez que cette production puisse au moins en partie \u00eatre aux mains de vos concitoyens. Vous poss\u00e9dez des terrains, vous r\u00e9fl\u00e9chissez \u00e0 y installer [&hellip;]<\/p>\n","protected":false},"author":4,"featured_media":0,"parent":78,"menu_order":3,"comment_status":"closed","ping_status":"closed","template":"","meta":{"footnotes":""},"class_list":["post-87","page","type-page","status-publish","hentry"],"_links":{"self":[{"href":"https:\/\/www.cooperlic.be\/index.php\/wp-json\/wp\/v2\/pages\/87","targetHints":{"allow":["GET"]}}],"collection":[{"href":"https:\/\/www.cooperlic.be\/index.php\/wp-json\/wp\/v2\/pages"}],"about":[{"href":"https:\/\/www.cooperlic.be\/index.php\/wp-json\/wp\/v2\/types\/page"}],"author":[{"embeddable":true,"href":"https:\/\/www.cooperlic.be\/index.php\/wp-json\/wp\/v2\/users\/4"}],"replies":[{"embeddable":true,"href":"https:\/\/www.cooperlic.be\/index.php\/wp-json\/wp\/v2\/comments?post=87"}],"version-history":[{"count":5,"href":"https:\/\/www.cooperlic.be\/index.php\/wp-json\/wp\/v2\/pages\/87\/revisions"}],"predecessor-version":[{"id":546,"href":"https:\/\/www.cooperlic.be\/index.php\/wp-json\/wp\/v2\/pages\/87\/revisions\/546"}],"up":[{"embeddable":true,"href":"https:\/\/www.cooperlic.be\/index.php\/wp-json\/wp\/v2\/pages\/78"}],"wp:attachment":[{"href":"https:\/\/www.cooperlic.be\/index.php\/wp-json\/wp\/v2\/media?parent=87"}],"curies":[{"name":"wp","href":"https:\/\/api.w.org\/{rel}","templated":true}]}}